ctor of m and c.
4
Let r(g) = g**2 + 13*g - 12. Let o be r(-14). Calculate the greatest common factor of 4 and o.
2
Suppose -25 = -4*b - 1. Let n be 6*((-5)/b + 1). Suppose 3*t - n = 5. Calculate the highest common factor of 8 and t.
2
Let l(f) = -2*f**2 + 1. Suppose a + 2*r - 8 = 0, -4*a - 3*r = 1 - 18. Let p be l(a). Let o = 0 - p. Calculate the highest common factor of 7 and o.
7
Let g(c) = -2*c - 26. Let r be g(-16). What is the greatest common divisor of r and 48?
6
Let h be 43 - (2 + -2 + -1). Suppose 2*m - 2 = -4, -a + 34 = -m. Suppose -2*w = w - a. What is the greatest common factor of w and h?
11
Suppose 2*v + 5*k + 9 = 0, 4*k = -2*v + v - 9. Suppose -2*x - 264 = -6*x. Suppose -2*d = -0*d - x. What is the highest common divisor of v and d?
3
Suppose -2*u = 6*c - 3*c + 110, 3*u + 4*c = -167. Let b = -34 - u. What is the highest common factor of b and 18?
9
Suppose 5*s - 4*s = 1. Suppose -6 = -4*u - 2. What is the highest common factor of u and s?
1
Let j = 55 - 47. Calculate the greatest common factor of 6 and j.
2
Suppose -2*j + 2*x = -314, 465 = 4*j - x - 157. Suppose u + 6*k - 55 = k, -k = 2*u - j. What is the greatest common factor of u and 32?
16
Let t(j) = -2*j**2 + 12*j + 3. Let z be t(5). What is the greatest common divisor of 52 and z?
13
Suppose -l + 207 = 5*w, -5*w - 4*l - 41 = -239. Let f(d) = d + 6. Let s be f(0). What is the greatest common factor of w and s?
6
Let a(d) = 2*d + 13. Let r be a(-6). Suppose -3*z + 39 = 15. What is the greatest common divisor of r and z?
1
Let d(c) = 2*c**2 + 4*c - 13. Let x be d(4). What is the highest common divisor of x and 105?
35
Suppose 2*y + 3 = 11. Calculate the greatest common factor of y and 4.
4
Let u be (-459)/(-3)*2/6. Suppose 0 = 2*c - u - 25. Calculate the greatest common factor of 57 and c.
19
Let o(l) = l**3 - l**2 + l - 6. Let k be o(0). Let j be -6*(k/1 + 3). Let b be (-195)/(-21) + 2/(-7). What is the highest common divisor of j and b?
9
Let s be (6/(-3) - -2) + 2. Let g(h) = -11*h**3 - h**2 + h + 1. Let r be g(-1). What is the greatest common divisor of r and s?
2
Suppose 0 = -p + a, 0 = -3*p + 2*p - 4*a + 15. Suppose -4*q + 5*q + 4*j = 52, 4*q + p*j = 221. What is the highest common factor of q and 8?
8
Suppose -6 = -2*t, s = -3*s - 3*t + 273. What is the greatest common divisor of 6 and s?
6
Suppose -y + 3*y = -5*n + 13, 5*y - 3*n = 17. Let z(x) = -x**2 + 6*x - 1. Let l be z(y). Let q = 238 + -161. What is the highest common factor of q and l?
7
Suppose 2*z - 3*z - p = -18, -z - 3*p = -24. Suppose 0 = 5*c - 85 - z. What is the highest common factor of c and 4?
4
Let l be (2/3)/(4/18). Suppose l*g + g = -3*q + 20, -4*g = -2*q. Let y be -5 - -2 - (-45)/5. What is the greatest common factor of g and y?
2
Suppose 3*k + 307 = 787. Calculate the greatest common divisor of k and 16.
16
Let c = 210 - 102. Let k be c/6*(-8)/(-6). What is the greatest common factor of k and 36?
12
Let o = -14 + 76. Suppose 0 = -2*r - 6, 4*r - 2*r = v - o. Calculate the greatest common factor of 7 and v.
7
Suppose 4*k - 5*k + 26 = 0. Calculate the highest common divisor of k and 52.
26
Let j be 3 - (5 + -3 - 1/1). What is the greatest common divisor of j and 5?
1
Let r(u) = -u + 25. Let h be r(11). What is the highest common factor of h and 2?
2
Let m = -10 - -6. Let s be (2 - 32)*m/6. Suppose 59 = r - 1. Calculate the greatest common factor of s and r.
20
Let l be (-5 + 3)*(-9)/1. Let w = 24 - l. What is the highest common divisor of 3 and w?
3
Suppose -8 = 3*n - 32. Suppose k = n + 7. Calculate the greatest common factor of k and 10.
5
Let u = -16 - -9. Let b(w) = w**3 + 8*w**2 + 7*w + 8. Let r be b(u). Calculate the highest common factor of 8 and r.
8
Suppose 5*p = 414 + 81. Let i(q) = q**2 + 8*q + 17. Let g be i(-4). Let u be (g/3)/(1/p). What is the highest common factor of 11 and u?
11
Suppose 0*o - 1 = o - w, -5*w = 5*o - 5. Suppose o = 2*b + b - 90. What is the highest common factor of 75 and b?
15
Suppose 0 = 26*u - 24*u + 3*p - 67, -2*u + 5*p + 59 = 0. Calculate the greatest common factor of u and 96.
32
Suppose 2*b - 4*k - 11 = 3*b, -b - 3*k - 8 = 0. Let a be 4*2 + 2 + -2. What is the greatest common factor of a and b?
1
Suppose -105 = -z - 4*z. Suppose 3*c - 6*c = 0. Suppose 4*d - 3*q = 19, -4*d - d - 2*q + 41 = c. Calculate the highest common factor of z and d.
7
Let y = 14 + -12. Suppose y*z - 720 = -3*z. Calculate the greatest common factor of z and 18.
18
Let g be 146/5 - 28/(-35). Calculate the greatest common divisor of 12 and g.
6
Let i = -9 + -4. Let b = 25 + i. Suppose -5*c = 4*w - 116, -5*w + 7*c + 104 = 3*c. Calculate the highest common factor of w and b.
12
Let z = 103 - 71. Suppose 2*j + 480 = 8*j. Calculate the highest common factor of z and j.
16
Let a be 36 + 2 - 0 - 0. Let t = -23 + a. What is the highest common factor of t and 10?
5
Let x be 53 - 12/(12/4). Calculate the greatest common factor of 7 and x.
7
Let n = 189 + -84. What is the highest common divisor of 42 and n?
21
Let z(m) be the third derivative of 0*m + 0*m**3 + 0 + 2*m**2 + 5/24*m**4 + 1/15*m**5. Let o be z(-4). What is the highest common factor of 11 and o?
11
Let q(j) = -20*j**3 - j. Let k be q(-1). Suppose -9 + 15 = -2*s. Let n(a) = 2*a**2 + 4*a + 1. Let r be n(s). What is the greatest common divisor of r and k?
7
Suppose 4*o - 212 - 140 = 0. Suppose -3*x + 35 = 11. What is the highest common divisor of o and x?
8
Suppose -2*t + 84 = 14. Let g(z) be the third derivative of z**5/30 + z**4/3 + 2*z**3/3 + z**2. Let i be g(-5). Calculate the greatest common factor of i and t.
7
Suppose -4*x + 2*o - 4*o + 26 = 0, 5*x - 25 = 5*o. What is the greatest common divisor of 15 and x?
3
Let w = 39 + -22. Calculate the greatest common factor of 17 and w.
17
Let k(j) = 6 - 3 + 2*j**2 + 1 + 3*j + 2*j. Let c be k(-3). Let h = c - 1. Calculate the highest common factor of 18 and h.
6
Let u(p) = -10*p - 16. Let g be u(-10). What is the greatest common factor of 12 and g?
12
Suppose -3*y = -3*t - t + 76, 2*y = 3*t - 56. Let x = 0 + t. What is the highest common divisor of x and 32?
16
Let y(b) = b**2 - b - 10. Let c be y(4). Calculate the highest common factor of c and 14.
2
Suppose 2*j = 5*j - 54. Suppose 5*k = -0*k + 90. Suppose -3*z = -z - k. Calculate the highest common divisor of j and z.
9
Let z be -1 + -16 + (-10)/(-5). Let u be (-10)/z*5*15. What is the highest common factor of 75 and u?
25
Let w = 2 - 46. Let s = -23 - w. Suppose 3*a = -3*a + 1386. What is the greatest common divisor of a and s?
21
Let c be 16/(1*4/20). Let b(k) = -k**3 + 5*k**2 + 4*k + 8. Let t be b(6). Let x = t + 20. What is the highest common divisor of x and c?
16
Let v = -477 - -140. Let k = -197 - v. What is the greatest common factor of k and 20?
20
Suppose 0 = -3*j + g + 3*g + 56, -2*g = 5*j - 102. Let a(z) = -z**2 + z + 4. Let s be a(0). What is the highest common divisor of s and j?
4
Suppose 3*k + 4*b = 13, -2*k + 6 = -3*b + 7*b. What is the greatest common factor of k and 42?
7
Let m be (6/9)/((-4)/222). Suppose 0 = -5*x - 3*q - 68, 4*x + 9 = 3*x + 4*q. Let y = x - m. Calculate the highest common divisor of 6 and y.
6
Suppose -3*a + 3*i = -96, 4*a - 3*i + 28 = 160. Calculate the greatest common divisor of a and 24.
12
Let s be (-3)/4*(-1)/(3/60). Calculate the highest common factor of 5 and s.
5
Let s = -30 + 82. What is the greatest common factor of 13 and s?
13
Suppose 2*k - 2*i = 42, -3*k + 6*k = -3*i + 33. Let o = k + -9. Calculate the greatest common divisor of 77 and o.
7
Let p(t) = t**3 - 8*t**2 + 18*t - 4. Let m be p(8). What is the highest common divisor of 14 and m?
14
Suppose 0*n - 42 = -2*n. Calculate the highest common divisor of n and 210.
21
Let k(w) = 2*w**2 - 10*w + 5. Let u be k(7). What is the highest common factor of 11 and u?
11
Let s(x) = x**2 + 5*x + 3. Let o be s(-5). Suppose -o*m - 2*m - 2*z = -47, -3*m + 21 = 3*z. Calculate the greatest common factor of m and 11.
11
Let f = -293 - -544. Suppose -57 = -2*a + f. Calculate the highest common factor of 22 and a.
22
Let g = 29 + -20. Calculate the greatest common factor of g and 207.
9
Let z = -43 + 67. Suppose 2*a + a = z. Let k = 22 - a. Calculate the highest common divisor of 7 and k.
7
Suppose 5*l = -2*i + 165, 2*l = i - 0*l - 96. Calculate the greate